(-82)?
3, 5, 11
Suppose 3*z - 21 = -1794. Let v = -148 - z. Suppose v = 6*w - 67. List the prime factors of w.
5, 17
Let m(n) be the third derivative of -n**6/120 - 7*n**5/60 - n**4/4 + 13*n**3/6 + 14*n**2. Let o be m(-6). List the prime factors of (-14)/(-4) - o/(-26).
2
Let n = 4311 - 2189. What are the prime factors of n?
2, 1061
Suppose -776*y - 872 = -780*y. Suppose 0*n - 4 = -n. Suppose y = 2*r - 4*t, -r - 342 = -n*r + t. What are the prime factors of r?
5, 23
Let m = -528 - -309. Let t = 694 + m. What are the prime factors of t?
5, 19
Let r = -6 + 13. Let h(v) = 103*v**2 - 7*v + 9. Let t be h(-4). Suppose 0 = r*l - t + 12. What are the prime factors of l?
239
Let h(x) = -3*x**2 + x + 4. Let d = -51 - -56. Let o be h(d). Let g = 5 - o. What are the prime factors of g?
71
Let a = -2367 - -5853. Let c = a + -2275. List the prime factors of c.
7, 173
Suppose -5*v = -2*u + 71390, -3*v + 57 = 39. List the prime factors of u.
2, 5, 3571
Let g be (-1358)/6 + (-2)/3. Let b = g - -479. Suppose -b = -9*z + 2*z. List the prime factors of z.
2, 3
Let u(j) = -2*j**3 + 4*j**2 - 10. Let q be u(3). Let c(t) = t**3 - 5*t**2 - 5*t. Let v be c(5). Let l = v - q. List the prime factors of l.
3
Let o(i) = 21*i - 17. Let y be o(34). Suppose 26*t - 31*t = 2*z - y, -351 = -z - 2*t. List the prime factors of z.
19
Let a be 1 + (-2)/4*-4. Suppose -5*r + 400 = a*s - 999, -s + r = -477. List the prime factors of s.
11, 43
Let v(t) = t**3 + 49*t**2 + 5*t + 559. What are the prime factors of v(-24)?
11, 19, 71
Let o = -124 - -128. Let g(j) = 30*j**2 + 2*j - 8. What are the prime factors of g(o)?
2, 3, 5
Let w(i) = -7*i**2 - i + 8. Let s be w(-6). Let d = -124 - s. What are the prime factors of d?
2, 3, 19
Let l(p) = 2 + 3*p - 12 + 2 - 17. Let q be (-47)/(-5) - (-6)/(-15). What are the prime factors of l(q)?
2
Let s(z) = z**3 - 61 - 6*z**2 + 25*z**2 - 28*z + 7*z**2. List the prime factors of s(-26).
23, 29
Suppose 159*u = 741737 - 140876. What are the prime factors of u?
3779
Let u(p) = 237*p**2 + 96*p - 613. List the prime factors of u(8).
7, 11, 199
Suppose 0 = -30*f + 32*f - 114. Let n = f - 97. What are the prime factors of (0 - (-252)/(-15))*n/12?
2, 7
Suppose -43 = -2*k - 31. Let x be 1/k - -4*(-116)/(-96). Suppose -x*i = -m - 279, 4*m + 6 = -10. List the prime factors of i.
5, 11
Let g(x) = -x - 1. Let k(r) = 2*r + 7. Let j(b) = 6*g(b) + 2*k(b). Let v be j(2). Let f(l) = l**3 - 2*l**2 + 2*l. What are the prime factors of f(v)?
2, 5
Suppose 2*d = 5*d - 285. Suppose -d - 127 = -2*o. List the prime factors of o.
3, 37
Suppose -10*q + 7554 = -9176. Suppose w - c = -4*c + 407, 4*w + 3*c = q. What are the prime factors of w?
2, 211
Let y(k) = 4*k - 52. Let r be y(17). List the prime factors of (-30)/(-40)*r/3*1.
2
Let l be 39/26*8/3. Suppose -u - 3*b + 327 = 0, l*u + 5*b - 461 = 826. What are the prime factors of u?
2, 3, 53
Suppose 5*x + 2*s = -44, -15*s + 16*s = 5*x + 38. Let h(g) = -68*g - 108. List the prime factors of h(x).
2, 109
List the prime factors of ((-164)/(-24) - 7) + (-1)/(30/(-102515)).
3, 17, 67
Suppose b - 16 - 6 = 0. Suppose -2844 = -b*a + 7606. What are the prime factors of a?
5, 19
Suppose 20*z = 19*z - 1. What are the prime factors of (5/4)/(8/(-288)*z)?
3, 5
Let o(y) = 16 - 1 + 17*y**2 + 71 + 18. List the prime factors of o(10).
2, 11, 41
Let x(a) = -16*a**3 + 17*a**2 - 9*a + 17. What are the prime factors of x(-11)?
3, 7823
Suppose 2 = 2*h - 2*q, -3*q - 2*q = -3*h + 5. Suppose h = 2*w - 43 + 1. Let u = 39 - w. List the prime factors of u.
2, 3
Let q(t) = 4*t**2 + 11*t + 71. Let f be q(-8). Let y = 771 - f. What are the prime factors of y?
2, 7, 19
Let v = 39 + -37. Suppose 3*i = -3*o + 185 - 44, -i + v*o = -47. Let k = 159 - i. What are the prime factors of k?
2, 7
Let k = 57 - 54. Suppose k*g = 39 - 27. What are the prime factors of ((-5)/g)/(3/(-348))?
5, 29
Let z(n) be the first derivative of n**4/24 + n**3/2 - 4*n**2 - 16. Let q(w) be the second derivative of z(w). List the prime factors of q(16).
19
Suppose -27*p + 25*p - 6 = 0. Let i = p - -5. What are the prime factors of ((-1)/2)/(i/(-180))?
3, 5
Suppose -444638 = -111*s - 186143 + 309603. What are the prime factors of s?
2, 3, 853
Suppose -3*p + 3*h = -12, -2*p - 3*p + h = -12. Let d be 96/(-36)*(-3)/p. Suppose 34 = d*g - 34. What are the prime factors of g?
17
Suppose 5616173 = 92*s + 2705484 - 4129243. What are the prime factors of s?
3, 23, 1109
Let s be 20/(-6)*21/14. Let n be (-20)/(-70) - (-2)/(-7) - s. Suppose f - 269 - 253 = -n*a, 0 = -f - 3. List the prime factors of a.
3, 5, 7
Suppose f - u = 5681, -3*f = -2*u - 0*u - 17048. List the prime factors of f.
2, 2843
Suppose 21*q - 1442743 = -33*q + 1428599. List the prime factors of q.
53173
Suppose 14*x + 4*t + 1341 = 15*x, -3*x + 4032 = -3*t. Suppose 4*r - x = -3*d, -3*d + r = -652 - 703. List the prime factors of d.
11, 41
Suppose 19600 = 2*r - 5*u + 9*u, -29368 = -3*r + 2*u. List the prime factors of r.
2, 3, 17
Suppose -g - 2*b - 1884 = 0, -3*b = -0 + 6. What are the prime factors of ((-207)/(-12))/((-30)/g)?
23, 47
Let v(n) = 547*n**2 - 3*n + 6. Let t be v(1). Suppose -7*y + 6115 = t. List the prime factors of y.
3, 5, 53
Suppose 4*x - 3*d - 2616 = 0, 0 = 4*x - 2*x + d - 1308. Suppose -652*o = -x*o + 750. List the prime factors of o.
3, 5
List the prime factors of (4 - 8)*6537100/(-400).
65371
Suppose -m + 37654 = 2*a, 557*a - 4*m = 560*a - 56491. What are the prime factors of a?
3, 5, 251
Let p(s) = 8*s**2 + 113*s + 294. Let w(r) = 2*r**2 + 28*r + 74. Let y(z) = -2*p(z) + 9*w(z). What are the prime factors of y(-12)?
2, 3
Let c(k) = k**3 + 29*k**2 - 186*k + 28. List the prime factors of c(-25).
2, 37, 97
Suppose 0 = x - 5, -4*n - 3*x - 3 = -18. Let z(i) = -5 + i**2 + n + 0*i**2 - 6 - 10*i. List the prime factors of z(15).
2
Let f = -9621 - -13553. List the prime factors of f.
2, 983
Let m = 790 + 3614. List the prime factors of m.
2, 3, 367
Suppose 7*k - 72 = 3*k. Let b be 9/k - (-878)/4. Suppose 6*z + b = 10*z. What are the prime factors of z?
5, 11
Let a(o) = -o**3 - 7*o**2 - 7*o + 45. Let w(v) = -v**3 - 9*v**2 + 12*v + 14. Let x be w(-10). List the prime factors of a(x).
3, 17
Let g(r) = 6*r**2 + 255*r - 698. List the prime factors of g(76).
2, 26669
Let l = -501 - -507. Suppose 33 = 5*g + 2*f, 0 = -5*f - 2 + 22. Suppose -3*k + 185 = -k - g*p, 2*p = l. What are the prime factors of k?
2, 5
Let w be ((-24)/10)/2*-5. Let o(c) be the second derivative of 2*c**3/3 - 19*c**2/2 - 1452*c. List the prime factors of o(w).
5
Let r(b) = -177*b - 6. Let x = -221 + 151. Let d = x + 69. List the prime factors of r(d).
3, 19
Let x = -1291 + 5010. What are the prime factors of x?
3719
List the prime factors of (-24)/228 + 9/(684/269048).
2, 3, 5, 59
List the prime factors of (1728/12)/(-18) - (-13477)/(-1 - -2).
13469
Let z(v) = v**3 - 19*v**2 + 19*v - 4. Let k be z(18). Suppose 9*l - k*l = -1835. List the prime factors of l.
367
Suppose 344*h - 307*h = 534909. List the prime factors of h.
3, 61, 79
Suppose 6*f - 3*f = -3, 0 = -4*t - 5*f - 33. Let z = t + 8. Let b(a) = 173*a. What are the prime factors of b(z)?
173
Suppose -2333127 = -75*j - 1417031 + 5214104. List the prime factors of j.
2, 17, 601
Let k = 97 + -66. Let r = 39 - k. Let j(c) = 13*c - 8. List the prime factors of j(r).
2, 3
Let q be ((-13)/13*(-1 - -1))/(-2). Suppose q = -16*v + 4555 - 267. List the prime factors of v.
2, 67
Suppose 0 = -5*c + 10, 5*q + 5*c + 114646 - 437856 = 0. What are the prime factors of q?
2, 5, 101
Suppose 0 = -2*a - 4*g + 8, -5*g - 6 = 5*a - 21. Let n(c) = c**3 - 2. Let t be n(a). Suppose 216 = 10*q - t*q. What are the prime factors of q?
2, 3
Let a(q) = -q**3 + q**2 - 3*q + 28. Let y be a(0). Suppose 47 = 5*l + 3*v - y, 0 = -5*v. What are the prime factors of 894/l + (-8)/(-20)?
2, 3, 5
Let g(k) = 4*k**2 + 8*k + 5. Let r be g(-2). Suppose 4*d + 2*o = 1792 + 770, -3*d - r*o = -1932. List the prime factors of d.
3, 71
Let h(w) = w**3 + 17*w**2 + 20. Let l be h(-17). Suppose -9*z + l*z = 3069. What are the prime factors of z?
3, 31
Let v be (-2)/1*1/((-2)/(-4)). Let f(m) = -m**2 - 4*m + 5. Let j be f(v). Suppose -407 = -j*b - 32. What are the prime factors of b?
3, 5
Suppose 0 = -10*w + 46 + 4. Suppose -4*c = 3*t + 4, 36 = -0*t + 4*t - w*c. L